 v?
2, 137, 223
Let s(m) be the second derivative of 0 + 1/6*m**3 + 47/20*m**5 + 1/12*m**4 - 3*m - 1/2*m**2. List the prime factors of s(1).
2, 3
Suppose 2*w + 2*p = -7638, 0*w - 7631 = 2*w - 5*p. Let v be 3/((-78)/w) - (-8)/52. Suppose 5*o = 58 + v. What are the prime factors of o?
41
Suppose 81530 = -2*d + 12*d - 9390. What are the prime factors of d?
2, 2273
Let x = -454 + 667. Suppose x = 3*j - 42. List the prime factors of j.
5, 17
Let x = 30254 - 23771. What are the prime factors of x?
3, 2161
Let a(z) = 3*z**2 - 20*z + 8. Let b be a(4). Let m(v) = 6*v**2 - 3*v - 2. Let t be m(-3). Let h = b + t. List the prime factors of h.
37
Let a(y) = 2*y - 1. Let j(s) = -7*s - 51. Let x(p) = 6*a(p) - j(p). List the prime factors of x(17).
2, 23
Let m = -237 - -213. List the prime factors of 15/(-12) + -5 + (-3750)/m.
2, 3, 5
Suppose -b = 5, 2*b + 18 = 8*s - 4*s. List the prime factors of (-30180)/(-45) - s/(-6).
11, 61
Suppose -3*q - 2*s - 12 = s, s = -4. Suppose q = -f + 699 + 44. What are the prime factors of f?
743
Suppose y + 51 = -5*r, y = -3*r - 0*y - 31. Let x(v) = -v**2 - 10*v - 2. Let l be x(r). List the prime factors of (-2)/3 + l + 717/9.
7, 11
Let o(p) = -81680*p - 901. What are the prime factors of o(-1)?
80779
Let h = -64 + 84. Let g be (h - 24)/(-2 - -1). Suppose -5*f - 145 = -2*r - 1045, g*f = -3*r + 697. What are the prime factors of f?
2, 89
Let v(g) = -7*g - 94. Let r be v(6). Let t = 76 - r. What are the prime factors of t?
2, 53
Let j(l) = -2780*l - 5918. List the prime factors of j(-8).
2, 8161
Let g(m) be the third derivative of m**5/30 - m**4/4 + 41*m**3/2 + 146*m**2. What are the prime factors of g(-20)?
7, 149
Let x = 8282 + -1487. What are the prime factors of x?
3, 5, 151
Let s(k) = -k**2 + 21*k - 122. Let f be s(9). What are the prime factors of 392 + 304/133 + 4/f?
2, 197
Let i be -2*2 - (0 - 1). Let u(o) be the first derivative of -o**4/2 - o**3 - 2*o + 371. List the prime factors of u(i).
5
Let n be (5 + 0)/(-5 - -6). Suppose 123 = 2*g + n*m, 3*g + 3*m - 59 = 2*g. Suppose g*c - 72*c = 244. List the prime factors of c.
2, 61
Suppose 3*j - 2 = -11, -3*t + 16440 = -5*j. List the prime factors of t.
3, 5, 73
Let d(l) = l**3 - 13*l**2 - 10*l + 9. Let s be d(14). Suppose 8*m - 3*m + 3*f = s, -2*f - 26 = -2*m. Suppose -m = -r - 6. What are the prime factors of r?
7
Suppose 6*f - 5*f = 1944. Suppose -3*x + f = -x. Suppose -3*i = -9*i + x. List the prime factors of i.
2, 3
Suppose -420*n - 659998 = -483*n + 2294009. List the prime factors of n.
46889
Suppose 0 = 5*i - 675 + 10. Suppose -3*f + u + 1067 = 0, i = -f + 4*u + 496. List the prime factors of f.
5, 71
Let t(w) = -11374*w + 267. List the prime factors of t(-1).
7, 1663
Suppose -473*l + 24 = -469*l. What are the prime factors of -621*(0/l + -1)?
3, 23
Let n(a) = 1813*a - 1358. What are the prime factors of n(6)?
2, 5, 7, 17
List the prime factors of (-875248)/(-32) + (-3)/6 - -12.
3, 7, 1303
Suppose -8569*w = -8576*w + 147224. What are the prime factors of w?
2, 11, 239
Let g = -14 + 19. Suppose g*y - 2*a = 351, 4 + 2 = -2*a. Suppose 327 = 2*v + y. List the prime factors of v.
3, 43
Let t be (-1 + (9 - 4))/((-4)/4024). What are the prime factors of ((-7)/(168/t))/(2/6)?
503
Suppose -4*f + 6073391 = 443*f - 7031755. What are the prime factors of f?
2, 107, 137
Let c(w) = -3599*w - 1946. List the prime factors of c(-11).
37643
Suppose 4*x - 12 + 2 = 5*u, 0 = -4*x + 2*u + 4. Suppose 0*l = 9*l - x*l. Suppose l = -9*s + 8*s + 180. What are the prime factors of s?
2, 3, 5
List the prime factors of (21802 - -1)/(-8 - (-13 + 10)*3).
21803
Suppose g - 2*b - 30002 = 0, -17055 = 3*g - 4*b - 107067. What are the prime factors of g?
2, 11, 31
Let a(n) = 14*n - 299. Let f be a(21). Let t(u) = -7*u**3 + 3*u**2 + 20*u + 96. List the prime factors of t(f).
2, 11, 43
Suppose -5*b = 25*z - 29*z + 234135, 4*z + 3*b - 234143 = 0. List the prime factors of z.
5, 23, 509
Suppose 7*x - 11*x = 624. Let c = x - -228. What are the prime factors of c?
2, 3
Let q(n) = n**2 + 2*n - 1. Let i(x) = -2*x + 12. Let d be i(8). Let t be q(d). Suppose 3*l = 2*j - 64, -j + t + 18 = 2*l. What are the prime factors of j?
29
List the prime factors of (-39737774)/(-3690) + (-4)/90.
11, 89
Suppose 15*f - 259698 - 343412 = 197860. List the prime factors of f.
2, 26699
Suppose 10935 = 9*a - 18*a. Let u = a + 1841. List the prime factors of u.
2, 313
Suppose 0 = 42*l - 34*l - 184432. List the prime factors of l.
2, 11527
Let n(y) be the third derivative of 2*y**5/15 + y**4/4 - y**3/6 + 153*y**2. List the prime factors of n(-5).
13
Suppose -23*v + 25*v - 2*l - 68006 = 0, 0 = 4*v + 5*l - 135976. What are the prime factors of v?
3, 7, 1619
Let c = -21 - -151. Let h(v) = 3 + 171*v - c*v - 241*v. What are the prime factors of h(-1)?
7, 29
Suppose -4*h = -4*l - 32, h + 4 = -0*h - 3*l. Suppose h*w = 17 + 8. What are the prime factors of (w - (0 + 4))/(1/83)?
83
Suppose -43*b = -364*b + 6797817. What are the prime factors of b?
3, 13, 181
Suppose -5*d + 29163 = -2212. List the prime factors of d.
5, 251
Suppose q = -2*q + a - 161, 0 = 4*q - 2*a + 212. Let f = q - -47. List the prime factors of 146 + (f + 3)/1 + 2.
11, 13
Let a(r) = -505*r - 2971. List the prime factors of a(-30).
19, 641
Let a = 16748 + -7908. List the prime factors of a.
2, 5, 13, 17
Let b(r) = -152*r - 380. What are the prime factors of b(-24)?
2, 19, 43
List the prime factors of ((-2073)/(-15))/((-656)/(-80) + -8).
691
Let w be 556/8 + 6/(-4). Suppose -c = -2*c + w. Let u = 154 - c. List the prime factors of u.
2, 43
Let r(h) = -17*h - 14. Let a be r(-1). Suppose i = 5*n - 3*i + 27, 4*i = a*n + 21. List the prime factors of (2 - (n - -2))/((-3)/(-139)).
139
Let l(z) = 34*z - 8. Suppose 66 + 114 = 20*w. What are the prime factors of l(w)?
2, 149
Suppose 3*w = w. Suppose 2*s - 6*s + 144 = w. Suppose 32*c + 212 = s*c. List the prime factors of c.
53
Let m(v) = 269*v + 589. List the prime factors of m(18).
5431
Let g(c) = -2*c**2 + 17*c - 6. Let s be g(8). Let o(v) = 35 - 115 + 41 + 7*v**s + 25*v + 42. List the prime factors of o(-7).
3, 19
Let b be (-14152)/(-3) + 2/3. Suppose -43*o + b = -6978. What are the prime factors of o?
2, 17
Suppose 0 = -3*k - 5*l - 5, 4*k - 4*l + 30 = l. Let x be (k/(-15) + 0)/((-1)/6). What are the prime factors of 759/22*x/(-3)?
23
Let l(n) = -14 + 9 + 34 + 16*n**2 + 23*n. What are the prime factors of l(-6)?
467
Let y = 2798 - 1088. Suppose 9*x - y - 2286 = 0. Suppose 13*l - x = 9*l. What are the prime factors of l?
3, 37
Let f = 161 - 94. Let z = -148 + f. Let x = 144 + z. What are the prime factors of x?
3, 7
Let t(s) = 37 - 75 + 4*s**2 - 6*s + 39. Let k be t(2). Suppose -3*w + 134 = k*d - 246, -350 = -5*d + 3*w. List the prime factors of d.
73
Suppose -215*t - 1157500 = -3496485. What are the prime factors of t?
11, 23, 43
List the prime factors of ((-12)/18)/((-1)/4 + (-134572)/(-538416)).
3, 3739
Suppose -2 = 59*g - 61*g, 0 = -d + 3*g + 25644. What are the prime factors of d?
3, 83, 103
Let k(s) = 143*s**2 + 36*s - 39. List the prime factors of k(6).
3, 5, 71
Let b = 12054 + -3735. What are the prime factors of b?
3, 47, 59
What are the prime factors of (-2935224)/(-60) + (-8)/(-5) + 3?
5, 19, 103
Suppose 0 = -2*x + 153 - 129. Suppose x*m - 16*m + 3144 = 0. What are the prime factors of m?
2, 3, 131
Suppose -4*m + 740 = -28. Suppose 2*c + 53 = -4*j - 169, 2*c = 3*j - 201. Let a = m + c. List the prime factors of a.
3, 29
Let s = 16118 + -847. What are the prime factors of s?
15271
Suppose 0 = -2*y + 2*r + 21 - 13, 0 = 3*r + 3. Suppose -3 = -4*u - 7, -538 = -y*s - 2*u. Suppose -3*v + 486 = -s. What are the prime factors of v?
2, 3, 37
Suppose -9*s + 5981 + 8437 = 0. Suppose -869*k + 875*k = s. List the prime factors of k.
3, 89
What are the prime factors of (-1)/((-20)/90)*((-72484)/9)/(-2)?
18121
List the prime factors of 2002640/(-64)*2/(-10) + 90/(-72).
6257
Let q = -110722 + 170914. What are the prime factors of q?
2, 3, 11, 19
Suppose -4*g + 8*g = 20. Suppose 6*c - 9 = g*c. Suppose -c*k + 8*k = -115. List the prime factors of k.
5, 23
Suppose -8*v + 2*v + 18 = 0. Let j be (97 - 15) + 1*v. Suppose -3*l - j = -367. What are the prime factors of l?
2, 47
Let f(c) = 232*c - 121. Let p be f(7). Suppose 3*a - p = 720. W